

{"id":55,"date":"2015-02-24T23:18:34","date_gmt":"2015-02-24T23:18:34","guid":{"rendered":"http:\/\/monnaielocale66.fr\/wordpress\/?page_id=55"},"modified":"2022-06-18T14:49:48","modified_gmt":"2022-06-18T12:49:48","slug":"devenez-adherent","status":"publish","type":"page","link":"https:\/\/soudaqui.cat\/wordpress\/devenez-adherent\/","title":{"rendered":"Devenir adh\u00e9rent"},"content":{"rendered":"<div class=\"\"><\/div>\n<div id=\"magicdomid11\" class=\"\"><span class=\"\"><span class=\"\"><span class=\"\">Les soudaquis sont disponibles depuis janvier 2018.<\/span><\/span><\/span><\/div>\n<div class=\"\">L&#8217;extension au d\u00e9partement se fait progressivement, en fonction des professionnels et b\u00e9n\u00e9voles motiv\u00e9s (On peut \u00eatre les deux !).<span class=\"\"><span class=\"\"><span class=\"\"><br \/>\n<\/span><\/span><\/span><\/p>\n<p><span class=\"b\"><b>En adh\u00e9rant, vous permettez \u00e0 la monnaie locale de s&#8217;auto-financer. Il s&#8217;agit donc d&#8217;un acte militant.<\/b><\/span><\/p>\n<p><span class=\"\">Cette nouvelle monnaie donne <\/span><span class=\"i\"><i>plus de visibilit\u00e9 aux producteurs, artisans et revendeurs de produits locaux<\/i><\/span><span class=\"\"><span class=\"\">, dans une d\u00e9marche \u00e9thique sociale, solidaire et \u00e9cologique<\/span><\/span><br \/>\n<span class=\"\">En consommant local et de mani\u00e8re engag\u00e9e, vous contribuez \u00e0 relocaliser l&#8217;\u00e9conomie et \u00e0 la rendre plus respectueuse de l\u2019humain et de l\u2019environnement.<\/span><\/p>\n<p><span class=\"\"><span class=\"\">Vous la rendez aussi plus r\u00e9siliente, c&#8217;est-\u00e0-dire moins soumise aux al\u00e9as des multiples crises actuelles<\/span><\/span><\/p>\n<p><span class=\"b\"><span class=\"b\"><b>Alors n&#8217;h\u00e9sitez pas \u00e0 nous soutenir d\u00e8s aujourd&#8217;hui, car c&#8217;est maintenant et dans la dur\u00e9e que nous avons besoin de vous pour faire en sorte que l&#8217;\u00e9conomie devienne plus humaine.<\/b><\/span><\/span><\/p>\n<p><span class=\"\">Le prix de l&#8217;adh\u00e9sion est fix\u00e9 \u00e0 5 euros, mais vous pouvez \u00e9galement devenir membre de soutien gr\u00e2ce \u00e0 une cotisation plus \u00e9lev\u00e9e.<\/span><\/p>\n<\/div>\n<div id=\"magicdomid12\" class=\"\"><span class=\"\">Pour adh\u00e9rer en ligne ou par courrier, <a title=\"Bulletin d\u2019adh\u00e9sion\" href=\"http:\/\/soudaqui.cat\/wordpress\/?page_id=312\">c&#8217;est par ici!<\/a><br \/>\n<\/span><\/div>\n<div id=\"magicdomid15\" class=\"\"><span class=\"\"><span class=\"\"><span class=\"\">MERCI!<\/span><\/span><\/span><\/p>\n<h3>&gt;&gt;&gt; <a title=\"Participer aux coll\u00e8ges\" href=\"http:\/\/soudaqui.cat\/wordpress\/?page_id=59\">Participez aux coll\u00e8ges<\/a><\/h3>\n<\/div>\n","protected":false},"excerpt":{"rendered":"<p>Les soudaquis sont disponibles depuis janvier 2018. L&#8217;extension au d\u00e9partement se fait progressivement, en fonction des professionnels et b\u00e9n\u00e9voles motiv\u00e9s (On peut \u00eatre les deux !). En adh\u00e9rant, vous permettez \u00e0 la monnaie locale de s&#8217;auto-financer. Il s&#8217;agit donc d&#8217;un acte militant. Cette nouvelle monnaie donne plus de visibilit\u00e9 aux producteurs, artisans et revendeurs de&hellip;&nbsp;<a href=\"https:\/\/soudaqui.cat\/wordpress\/devenez-adherent\/\" rel=\"bookmark\">Lire la suite &raquo;<span class=\"screen-reader-text\">Devenir adh\u00e9rent<\/span><\/a><\/p>\n","protected":false},"author":1,"featured_media":180,"parent":0,"menu_order":0,"comment_status":"closed","ping_status":"open","template":"","meta":{"neve_meta_sidebar":"","neve_meta_container":"","neve_meta_enable_content_width":"","neve_meta_content_width":0,"neve_meta_title_alignment":"","neve_meta_author_avatar":"","neve_post_elements_order":"","neve_meta_disable_header":"","neve_meta_disable_footer":"","neve_meta_disable_title":"","jetpack_post_was_ever_published":false,"footnotes":""},"class_list":["post-55","page","type-page","status-publish","has-post-thumbnail","hentry"],"jetpack_shortlink":"https:\/\/wp.me\/P68UOj-T","jetpack_sharing_enabled":true,"_links":{"self":[{"href":"https:\/\/soudaqui.cat\/wordpress\/wp-json\/wp\/v2\/pages\/55","targetHints":{"allow":["GET"]}}],"collection":[{"href":"https:\/\/soudaqui.cat\/wordpress\/wp-json\/wp\/v2\/pages"}],"about":[{"href":"https:\/\/soudaqui.cat\/wordpress\/wp-json\/wp\/v2\/types\/page"}],"author":[{"embeddable":true,"href":"https:\/\/soudaqui.cat\/wordpress\/wp-json\/wp\/v2\/users\/1"}],"replies":[{"embeddable":true,"href":"https:\/\/soudaqui.cat\/wordpress\/wp-json\/wp\/v2\/comments?post=55"}],"version-history":[{"count":32,"href":"https:\/\/soudaqui.cat\/wordpress\/wp-json\/wp\/v2\/pages\/55\/revisions"}],"predecessor-version":[{"id":1700,"href":"https:\/\/soudaqui.cat\/wordpress\/wp-json\/wp\/v2\/pages\/55\/revisions\/1700"}],"wp:featuredmedia":[{"embeddable":true,"href":"https:\/\/soudaqui.cat\/wordpress\/wp-json\/wp\/v2\/media\/180"}],"wp:attachment":[{"href":"https:\/\/soudaqui.cat\/wordpress\/wp-json\/wp\/v2\/media?parent=55"}],"curies":[{"name":"wp","href":"https:\/\/api.w.org\/{rel}","templated":true}]}}