

{"id":41,"date":"2015-02-24T23:15:21","date_gmt":"2015-02-24T23:15:21","guid":{"rendered":"http:\/\/monnaielocale66.fr\/wordpress\/?page_id=41"},"modified":"2022-06-18T14:44:51","modified_gmt":"2022-06-18T12:44:51","slug":"la-charte-des-valeurs","status":"publish","type":"page","link":"https:\/\/soudaqui.cat\/wordpress\/la-charte-des-valeurs\/","title":{"rendered":"La charte des valeurs"},"content":{"rendered":"<hr \/>\n<table style=\"border-collapse: collapse; width: 100%;\">\n<tbody>\n<tr>\n<td style=\"width: 609.6px; border-style: none; background-color: #e6f2f1; text-align: left; vertical-align: middle;\">\n<h2 style=\"text-align: center;\" data-tadv-p=\"keep\"><strong>Notre charte des valeurs<br \/>\n<\/strong><\/h2>\n<p>Utiliser la monnaie compl\u00e9mentaire des Pyr\u00e9n\u00e9es-Orientales, c\u2019est opter pour :<\/p>\n<p><strong>Une monnaie<\/strong> <span style=\"color: #ff9900;\"><strong>locale <\/strong><\/span><\/p>\n<ul>\n<li>Privil\u00e9gier les circuits courts et de qualit\u00e9<\/li>\n<li>Valoriser les richesses naturelles et culturelles de nos terroirs<\/li>\n<li>Apporter des r\u00e9ponses de proximit\u00e9 \u00e0 nos besoins<\/li>\n<\/ul>\n<p><strong>Une monnaie <span style=\"color: #ff9900;\">\u00e9thique<\/span><\/strong><\/p>\n<ul>\n<li>S\u2019appuyer sur la coop\u00e9ration de tous les membres impliqu\u00e9s pour la faire vivre<\/li>\n<li>Promouvoir la transparence dans son fonctionnement<\/li>\n<li>Inciter chacun \u00e0 adopter des pratiques respectueuses de l\u2019humain et de l\u2019environnement<\/li>\n<\/ul>\n<p><strong>Une monnaie <span style=\"color: #ff9900;\">sociale et solidaire <\/span><\/strong><\/p>\n<ul>\n<li>Favoriser son utilisation par le plus grand nombre<\/li>\n<li>Renforcer les liens sociaux et le dialogue entre tous<\/li>\n<li>Soutenir des projets inscrits dans une dynamique sociale, \u00e9quitable et \u00e9co-responsable<\/li>\n<\/ul>\n<p><strong>Une monnaie <span style=\"color: #ff9900;\">porteuse de sens <\/span><\/strong><\/p>\n<ul>\n<li>Permettre \u00e0 chacun de comprendre comment se cr\u00e9e, fonctionne et circule une monnaie<\/li>\n<li>Ancrer la monnaie dans un territoire pour qu\u2019elle serve aux \u00e9changes r\u00e9els et non \u00e0 la sp\u00e9culation<\/li>\n<li>Mettre la monnaie au service d\u2019une \u00e9volution du syst\u00e8me \u00e9conomique actuel<\/li>\n<\/ul>\n<\/td>\n<\/tr>\n<\/tbody>\n<\/table>\n<p><span class=\"b\">\u00a0Nous avons sign\u00e9 le <a href=\"http:\/\/monnaie-locale-complementaire-citoyenne.net\/adhesion-mlcc\/\">manifeste<\/a> des Monnaies Locales Compl\u00e9mentaires Citoyennes (MLCC)<br \/>\n<\/span><\/p>\n<p>Article: <a href=\"https:\/\/start.lesechos.fr\/actus\/finance-banque-assurance\/monnaies-locales-pourquoi-elles-cartonnent-partout-en-france-12215.php\">Pourquoi les monnaies locales cartonnent partout en France<\/a><\/p>\n","protected":false},"excerpt":{"rendered":"<p>Notre charte des valeurs Utiliser la monnaie compl\u00e9mentaire des Pyr\u00e9n\u00e9es-Orientales, c\u2019est opter pour : Une monnaie locale Privil\u00e9gier les circuits courts et de qualit\u00e9 Valoriser les richesses naturelles et culturelles de nos terroirs Apporter des r\u00e9ponses de proximit\u00e9 \u00e0 nos besoins Une monnaie \u00e9thique S\u2019appuyer sur la coop\u00e9ration de tous les membres impliqu\u00e9s pour la&hellip;&nbsp;<a href=\"https:\/\/soudaqui.cat\/wordpress\/la-charte-des-valeurs\/\" rel=\"bookmark\">Lire la suite &raquo;<span class=\"screen-reader-text\">La charte des valeurs<\/span><\/a><\/p>\n","protected":false},"author":1,"featured_media":0,"parent":0,"menu_order":0,"comment_status":"closed","ping_status":"open","template":"","meta":{"neve_meta_sidebar":"","neve_meta_container":"","neve_meta_enable_content_width":"","neve_meta_content_width":0,"neve_meta_title_alignment":"","neve_meta_author_avatar":"","neve_post_elements_order":"","neve_meta_disable_header":"","neve_meta_disable_footer":"","neve_meta_disable_title":"","jetpack_post_was_ever_published":false,"footnotes":""},"class_list":["post-41","page","type-page","status-publish","hentry"],"jetpack_shortlink":"https:\/\/wp.me\/P68UOj-F","jetpack_sharing_enabled":true,"_links":{"self":[{"href":"https:\/\/soudaqui.cat\/wordpress\/wp-json\/wp\/v2\/pages\/41","targetHints":{"allow":["GET"]}}],"collection":[{"href":"https:\/\/soudaqui.cat\/wordpress\/wp-json\/wp\/v2\/pages"}],"about":[{"href":"https:\/\/soudaqui.cat\/wordpress\/wp-json\/wp\/v2\/types\/page"}],"author":[{"embeddable":true,"href":"https:\/\/soudaqui.cat\/wordpress\/wp-json\/wp\/v2\/users\/1"}],"replies":[{"embeddable":true,"href":"https:\/\/soudaqui.cat\/wordpress\/wp-json\/wp\/v2\/comments?post=41"}],"version-history":[{"count":50,"href":"https:\/\/soudaqui.cat\/wordpress\/wp-json\/wp\/v2\/pages\/41\/revisions"}],"predecessor-version":[{"id":1698,"href":"https:\/\/soudaqui.cat\/wordpress\/wp-json\/wp\/v2\/pages\/41\/revisions\/1698"}],"wp:attachment":[{"href":"https:\/\/soudaqui.cat\/wordpress\/wp-json\/wp\/v2\/media?parent=41"}],"curies":[{"name":"wp","href":"https:\/\/api.w.org\/{rel}","templated":true}]}}