

{"id":38,"date":"2015-02-24T17:28:26","date_gmt":"2015-02-24T17:28:26","guid":{"rendered":"http:\/\/monnaielocale66.fr\/wordpress\/?page_id=38"},"modified":"2022-04-26T17:32:29","modified_gmt":"2022-04-26T15:32:29","slug":"pour-aller-plus-loin","status":"publish","type":"page","link":"https:\/\/soudaqui.cat\/wordpress\/pour-aller-plus-loin\/","title":{"rendered":"Pour aller plus loin"},"content":{"rendered":"<div class=\"\">&nbsp;<\/div>\n<div id=\"magicdomid6\" class=\"\"><span class=\"\"><span class=\"\">Voici quelques vid\u00e9os et articles permettant de comprendre le fonctionnement de l&#8217;argent, des monnaies locales et des possibilit\u00e9s d&#8217;\u00e9volution <\/span><\/span><span class=\"\"><span class=\"\">:<\/span><\/span><\/div>\n<div>&nbsp;<\/div>\n<ul>\n<li>La Monnaie &#8211; Du pouvoir d&#8217;Achat au pouvoir d&#8217;Etre &#8211; Philippe Derudder<\/li>\n<\/ul>\n<div class=\"\"><a href=\"https:\/\/www.youtube.com\/watch?v=h56uZ8oT4sQ\" target=\"_blank\" rel=\"noopener\"><span class=\" url\">https:\/\/www.youtube.com\/watch?v<\/span><span class=\" padtagsearch padtagsearch_h56uZ8oT4sQ url\"><span class=\" padtagsearch padtagsearch_h56uZ8oT4sQ url\">=h56uZ8oT4sQ<\/span><\/span><\/a><\/div>\n<div>&nbsp;<\/div>\n<div>&nbsp;<\/div>\n<div class=\"\"><strong>A propos de l&#8217;argent dette:<\/strong><\/div>\n<div>&nbsp;<\/div>\n<ul>\n<li>Victoria Grant, canadienne de 12 ans, nous explique l&#8217;escroquerie bancaire de l&#8217;argent-dette. (Anglais sous-titr\u00e9)<\/li>\n<\/ul>\n<div class=\"\"><a href=\"https:\/\/www.youtube.com\/watch?v=Wkv9ZYfk7fs\" target=\"_blank\" rel=\"noopener\"><span class=\" url\">https:\/\/www.youtube.com\/watch?v<\/span><span class=\" padtagsearch padtagsearch_Wkv9ZYfk7fs url\"><span class=\" padtagsearch padtagsearch_Wkv9ZYfk7fs url\">=Wkv9ZYfk7fs<\/span><\/span><\/a><\/div>\n<div>&nbsp;<\/div>\n<ul>\n<li><span class=\"\">Comprendre la dette publique en quelques minutes (en fran\u00e7ais et en d\u00e9tail)<\/span><\/li>\n<\/ul>\n<div class=\"\"><span class=\"\">*** <\/span><a href=\"https:\/\/www.youtube.com\/watch?v=jxhW_Ru1ke0\" target=\"_blank\" rel=\"noopener\"><span class=\" url\">https:\/\/www.youtube.com\/watch?v<\/span><span class=\" padtagsearch padtagsearch_jxhW_Ru1ke0 url\">=jxhW_Ru1ke0<\/span><\/a><span class=\"\"><span class=\"\"> ***<\/span><\/span><\/div>\n<div>&nbsp;<\/div>\n<ul>\n<li>Le probl\u00e8me et les solutions : La monnaie comme lien, Etienne Hayem, TEDx<\/li>\n<\/ul>\n<div class=\"\"><span class=\"\">*** <\/span><a href=\"https:\/\/www.youtube.com\/watch?feature=player_embedded&amp;v=7DDGrERfYaE\" target=\"_blank\" rel=\"noopener\"><span class=\" url\">https:\/\/www.youtube.com\/watch?feature<\/span><span class=\" padtagsearch padtagsearch_player_embedded&amp;v url\">=player_embedded&amp;v<\/span><span class=\" padtagsearch padtagsearch_7DDGrERfYaE url\">=7DDGrERfYaE<\/span><\/a><span class=\"\"><span class=\"\"> ***<\/span><\/span><\/div>\n<ul>\n<div class=\"\"><strong>Les monnaies locales sont un outil de transition et d&#8217;\u00e9volution:<\/strong><\/div>\n<div>&nbsp;<\/div>\n<\/ul>\n<ul>\n<li>Les monnaies locales sur FranceTV<\/li>\n<\/ul>\n<div class=\"\"><a href=\"https:\/\/www.france.tv\/france-2\/tout-compte-fait\/103319-monnaies-locales-elles-dopent-le-petit-commerce.html\">https:\/\/www.france.tv\/france-2\/tout-compte-fait\/103319-monnaies-locales-elles-dopent-le-petit-commerce.html<\/a><\/div>\n<div>&nbsp;<\/div>\n<ul>\n<li><span class=\"\">Le jeu de &#8220;La Corbeille&#8221; (Valeureux.org), une simulation tr\u00e8s r\u00e9aliste de trois types d&#8217;\u00e9conomie<\/span><\/li>\n<\/ul>\n<div class=\"\"><span class=\"\">*** <\/span><a href=\"http:\/\/www.valeureux.org\/blog\/produits\/les-jeux\/le-jeu-de-la-corbeille\/\" target=\"_blank\" rel=\"noopener\"><span class=\" url\">http:\/\/www.valeureux.org\/blog\/les-jeux\/jeu-la-corbeille\/<\/span><\/a><span class=\"\"><span class=\"\"> ***<\/span><\/span><\/div>\n<div>&nbsp;<\/div>\n<ul>\n<li>Notre conception du monde nous interdit le monde de demain: Yannick Roudaut at TEDxNantes<\/li>\n<\/ul>\n<div class=\"\"><span class=\"\">*** <\/span><a href=\"https:\/\/www.youtube.com\/watch?feature=player_detailpage&amp;v=T6LODGLPR5U\" target=\"_blank\" rel=\"noopener\"><span class=\" url\">https:\/\/www.youtube.com\/watch?feature<\/span><span class=\" padtagsearch padtagsearch_player_detailpage&amp;v url\">=player_detailpage&amp;v<\/span><span class=\" padtagsearch padtagsearch_T6LODGLPR5U url\">=T6LODGLPR5U<\/span><\/a><span class=\"\"><span class=\"\"> ***<\/span><\/span><\/div>\n<div>&nbsp;<\/div>\n<ul>\n<li><span class=\"crayon article-titre-4925 \">&#8220;Nous sommes extr\u00eamement immatures dans notre mani\u00e8re de concevoir l\u2019avenir de nos soci\u00e9t\u00e9s&#8221; Olivier De Schutter<\/span><\/li>\n<\/ul>\n<div class=\"\"><a href=\"http:\/\/www.bastamag.net\/Olivier-de-Schutter-Nous-sommes-extremement-immatures-dans-notre-maniere-de\" target=\"_blank\" rel=\"noopener\">http:\/\/www.bastamag.net\/Olivier-de-Schutter-Nous-sommes-extremement-immatures-dans-notre-maniere-de<\/a><\/div>\n<div>&nbsp;<\/div>\n<ul>\n<li>Y a-t-il une vie avant la mort? Pierre Rabhi<\/li>\n<\/ul>\n<div class=\"\"><a href=\"https:\/\/www.youtube.com\/watch?v=HyNinbbzGuE\" target=\"_blank\" rel=\"noopener\"><span class=\" url\">https:\/\/www.youtube.com\/watch?v<\/span><span class=\" padtagsearch padtagsearch_HyNinbbzGuE url\"><span class=\" padtagsearch padtagsearch_HyNinbbzGuE url\">=HyNinbbzGuE<\/span><\/span><\/a><\/div>\n<div>&nbsp;<\/div>\n<ul>\n<li><span class=\"\">Et un article r\u00e9cent sur les banques:<\/span><\/li>\n<\/ul>\n<div class=\"\"><span class=\" url\"><span class=\" url\"><a href=\"http:\/\/www.bastamag.net\/Evasion-fiscale-fraudes-et\" target=\"_blank\" rel=\"noopener\">http:\/\/www.bastamag.net\/Evasion-fiscale-fraudes-et<\/a><\/span><\/span><\/div>\n<div>&nbsp;<\/div>\n<ul>\n<li><strong>Le num\u00e9ro sp\u00e9cial de &#8220;L&#8217;\u00c2ge de Faire&#8221; sur les monnaies locales (version pdf \u00e0 2\u20ac)<\/strong><\/li>\n<\/ul>\n<div class=\"\"><a href=\"http:\/\/magasin.lagedefaire-lejournal.fr\/index.php?id_product=123&amp;controller=product\" target=\"_blank\" rel=\"noopener\">http:\/\/magasin.lagedefaire-lejournal.fr\/index.php?id_product=123&amp;controller=product<\/a><\/div>\n<div>&nbsp;<\/div>\n<ul>\n<li><span class=\"\">Dans le n\u00b0 103 (D\u00e9cembre 2015) de &#8220;Lignes d&#8217;ATTAC&#8221;, un article sur les monnaies locales en pages 12 et 13:<\/span><\/li>\n<\/ul>\n<div class=\"\"><span class=\"\"><a href=\"https:\/\/france.attac.org\/IMG\/pdf\/_103_maquette-bd.pdf\" target=\"_blank\" rel=\"noopener\">https:\/\/france.attac.org\/IMG\/pdf\/_103_maquette-bd.pdf<\/a><\/span><\/div>\n<h3>&gt;&gt;&gt; <a title=\"La charte des valeurs\" href=\"http:\/\/soudaqui.cat\/wordpress\/?page_id=41\">D\u00e9couvrir le projet: La charte des valeurs<\/a><\/h3>\n","protected":false},"excerpt":{"rendered":"<p>&nbsp; Voici quelques vid\u00e9os et articles permettant de comprendre le fonctionnement de l&#8217;argent, des monnaies locales et des possibilit\u00e9s d&#8217;\u00e9volution : &nbsp; La Monnaie &#8211; Du pouvoir d&#8217;Achat au pouvoir d&#8217;Etre &#8211; Philippe Derudder https:\/\/www.youtube.com\/watch?v=h56uZ8oT4sQ &nbsp; &nbsp; A propos de l&#8217;argent dette: &nbsp; Victoria Grant, canadienne de 12 ans, nous explique l&#8217;escroquerie bancaire de l&#8217;argent-dette.&hellip;&nbsp;<a href=\"https:\/\/soudaqui.cat\/wordpress\/pour-aller-plus-loin\/\" rel=\"bookmark\">Lire la suite &raquo;<span class=\"screen-reader-text\">Pour aller plus loin<\/span><\/a><\/p>\n","protected":false},"author":1,"featured_media":0,"parent":0,"menu_order":0,"comment_status":"closed","ping_status":"open","template":"","meta":{"neve_meta_sidebar":"","neve_meta_container":"","neve_meta_enable_content_width":"","neve_meta_content_width":0,"neve_meta_title_alignment":"","neve_meta_author_avatar":"","neve_post_elements_order":"","neve_meta_disable_header":"","neve_meta_disable_footer":"","neve_meta_disable_title":"","jetpack_post_was_ever_published":false,"footnotes":""},"class_list":["post-38","page","type-page","status-publish","hentry"],"jetpack_shortlink":"https:\/\/wp.me\/P68UOj-C","jetpack_sharing_enabled":true,"_links":{"self":[{"href":"https:\/\/soudaqui.cat\/wordpress\/wp-json\/wp\/v2\/pages\/38","targetHints":{"allow":["GET"]}}],"collection":[{"href":"https:\/\/soudaqui.cat\/wordpress\/wp-json\/wp\/v2\/pages"}],"about":[{"href":"https:\/\/soudaqui.cat\/wordpress\/wp-json\/wp\/v2\/types\/page"}],"author":[{"embeddable":true,"href":"https:\/\/soudaqui.cat\/wordpress\/wp-json\/wp\/v2\/users\/1"}],"replies":[{"embeddable":true,"href":"https:\/\/soudaqui.cat\/wordpress\/wp-json\/wp\/v2\/comments?post=38"}],"version-history":[{"count":43,"href":"https:\/\/soudaqui.cat\/wordpress\/wp-json\/wp\/v2\/pages\/38\/revisions"}],"predecessor-version":[{"id":1673,"href":"https:\/\/soudaqui.cat\/wordpress\/wp-json\/wp\/v2\/pages\/38\/revisions\/1673"}],"wp:attachment":[{"href":"https:\/\/soudaqui.cat\/wordpress\/wp-json\/wp\/v2\/media?parent=38"}],"curies":[{"name":"wp","href":"https:\/\/api.w.org\/{rel}","templated":true}]}}